e tens digit of 5307702?
0
What is the thousands digit of 2718135?
8
What is the hundreds digit of 246292?
2
What is the units digit of 468664?
4
What is the ten thousands digit of 3394383?
9
What is the ten thousands digit of 198385?
9
What is the hundreds digit of 33614663?
6
What is the hundreds digit of 208003?
0
What is the ten thousands digit of 1902660?
0
What is the hundred thousands digit of 7294831?
2
What is the tens digit of 10413806?
0
What is the hundreds digit of 349280?
2
What is the units digit of 2509624?
4
What is the tens digit of 17280022?
2
What is the units digit of 705966?
6
What is the thousands digit of 68785?
8
What is the millions digit of 3204856?
3
What is the hundreds digit of 2425499?
4
What is the tens digit of 1088568?
6
What is the ten thousands digit of 23368?
2
What is the thousands digit of 1026918?
6
What is the ten thousands digit of 3716170?
1
What is the tens digit of 279653?
5
What is the thousands digit of 24822?
4
What is the thousands digit of 58532?
8
What is the ten thousands digit of 640711?
4
What is the ten thousands digit of 2446679?
4
What is the millions digit of 9286683?
9
What is the thousands digit of 6433319?
3
What is the ten thousands digit of 795091?
9
What is the units digit of 3332990?
0
What is the units digit of 13657767?
7
What is the thousands digit of 27944?
7
What is the ten thousands digit of 699285?
9
What is the hundred thousands digit of 934011?
9
What is the ten thousands digit of 195660?
9
What is the hundreds digit of 14475836?
8
What is the units digit of 86558?
8
What is the units digit of 32374?
4
What is the tens digit of 4018211?
1
What is the hundreds digit of 310545?
5
What is the units digit of 5388?
8
What is the millions digit of 15817975?
5
What is the hundred thousands digit of 4550113?
5
What is the tens digit of 543853?
5
What is the thousands digit of 3007256?
7
What is the hundred thousands digit of 418811?
4
What is the millions digit of 3984325?
3
What is the hundreds digit of 3825013?
0
What is the thousands digit of 6081272?
1
What is the tens digit of 2028971?
7
What is the hundreds digit of 199157?
1
What is the tens digit of 102459?
5
What is the ten thousands digit of 4128798?
2
What is the ten thousands digit of 855334?
5
What is the hundreds digit of 10009139?
1
What is the hundreds digit of 570165?
1
What is the thousands digit of 874676?
4
What is the hundreds digit of 16228336?
3
What is the tens digit of 9622581?
8
What is the hundred thousands digit of 1460468?
4
What is the hundred thousands digit of 1297335?
2
What is the hundreds digit of 611522?
5
What is the thousands digit of 6958972?
8
What is the hundreds digit of 206014?
0
What is the units digit of 656923?
3
What is the units digit of 32846908?
8
What is the thousands digit of 811475?
1
What is the ten thousands digit of 742931?
4
What is the tens digit of 7217231?
3
What is the tens digit of 9965?
6
What is the tens digit of 82514?
1
What is the ten thousands digit of 1693915?
9
What is the units digit of 11273147?
7
What is the tens digit of 786593?
9
What is the hundreds digit of 6490?
4
What is the hundreds digit of 667502?
5
What is the hundreds digit of 13765753?
7
What is the ten thousands digit of 2693254?
9
What is the millions digit of 2722528?
2
What is the hundreds digit of 383878?
8
What is the hundred thousands digit of 20067639?
0
What is the ten thousands digit of 51440?
5
What is the thousands digit of 19378673?
8
What is the thousands digit of 976164?
6
What is the hundreds digit of 1446988?
9
What is the ten thousands digit of 3974109?
7
What is the millions digit of 9963436?
9
What is the hundreds digit of 958043?
0
What is the units digit of 3725204?
4
What is the units digit of 231738?
8
What is the millions digit of 3696545?
3
What is the units digit of 7257604?
4
What is the thousands digit of 3751109?
1
What is the millions digit of 18947014?
8
What is the hundred thousands digit of 28030856?
0
What is the ten millions digit of 16466267?
1
What is the units digit of 12303374?
4
What is the hundred thousands digit of 1400313?
4
What is the tens digit of 3054171?
7
What is the tens digit of 7455281?
8
What is the tens digit of 6843513?
1
What is the units digit of 485114?
4
What is the hundreds digit of 1256?
2
What is the thousands digit of 5797474?
7
What is the tens digit of 20807841?
4
What is the tens digit of 2267974?
7
What is the units digit of 9992951?
1
What is the hundreds digit of 144782?
7
What is the hundred thousands digit of 215981?
2
What is the units digit of 355227?
7
What is the units digit of 4924301?
1
What is the ten thousands digit of 111117?
1
What is the units digit of 18519298?
8
What is the tens digit of 93273?
7
What is the units digit of 1336791?
1
What is the units digit of 17765913?
3
What is the thousands digit of 722709?
2
What is the millions digit of 3778728?
3
What is the ten thousands digit of 537835?
3
What is the ten thousands digit of 23242207?
4
What is the units digit of 581736?
6
What is the ten thousands digit of 99532?
9
What is the thousands digit of 1312515?
2
What is the ten thousands digit of 6697340?
9
What is the units digit of 16343539?
9
What is the thousands digit of 57389?
7
What is the units digit of 171053?
3
What is the ten thousands digit of 260658?
6
What is the hundreds digit of 257417?
4
What is the thousands digit of 59774?
9
What is the tens digit of 714681?
8
What is the hundred thousands digit of 347930?
3
What is the millions digit of 1664307?
1
What is the hundreds digit of 27454687?
6
What is the thousands digit of 1479355?
9
What is the hundred thousands digit of 173388?
1
What is the hundreds digit of 589165?
1
What is the tens digit of 176917?
1
What is the hundred thousands digit of 1485923?
4
What is the hundreds digit of 731831?
8
What is the thousands digit of 3444249?
4
What is the thousands digit of 574112?
4
What is the thousands digit of 62062?
2
What is the ten thousands digit of 697681?
9
What is the ten thousands digit of 3069561?
6
What is the thousands digit of 154297?
4
What is the units digit of 158334?
4
What is the units digit of 975259?
9
What is the hundred thousands digit of 4428353?
4
What is the millions digit of 9835705?
9
What is the ten thousands digit of 190779?
9
What is the millions digit of 6185559?
6
What is the tens digit of 57844?
4
What is the units digit of 25913939?
9
What is the millions digit of 4800463?
4
What is the tens digit of 594956?
5
What is the thousands digit of 7574685?
4
What is the tens digit of 423934?
3
What is the thousands digit of 17023904?
3
What is the thousands digit of 258251?
8
What is the tens digit of 967912?
1
What is the ten thousands digit of 8404193?
0
What is the hundred thousands digit of 934919?
9
What is the hundreds digit of 378465?
4
What is the hundred thousands digit of 23854553?
8
What is the hundred thousands digit of 240466?
2
What is the units digit of 226187?
7
What is the units digit of 112313?
3
What is the tens digit of 261412?
1
What is the units digit of 1148396?
6
What is the hundreds digit of 11460820?
8
What is the ten thousands digit of 403606?
0
What is the hundreds digit of 45009?
0
What is the hundreds digit of 213344?
3
What is the hundred thousands digit of 641456?
6
What is the tens digit of 124322?
2
What is the tens digit of 208870?
7
What is the tens digit of 1435628?
2
What is the millions digit of 21289760?
1
What is the hundred thousands digit of 405315?
4
What is the millions digit of 7966151?
7
What is the hundred thousands digit of 2288005?
2
What is the units digit of 415273?
3
What is the ten thousands digit of 19092560?
9
What is the thousands digit of 4737489?
7
What is the hundred thousands digit of 4643136?
6
What is the tens digit of 409706?
0
What is the tens digit of 1282556?
5
What is the millions digit of 9055916?
9
What is the millions digit of 17320268?
7
What is the tens digit of 130816?
1
What is the hundreds digit of 2265428?
4
What is the ten thousands digit of 3045229?
4
What is the hundreds digit of 35767046?
0
What is the units digit of 3730539?
9
What is the units digit of 1475219?
9
What is the hundred thousands digit of 696886?
6
What is the thousands digi